= 0. Suppose -3*q + 32 = -b. What are the prime factors of q?
3, 5
Let d(f) = -191*f**3 + 10*f + f**2 - 10*f. What are the prime factors of d(-1)?
2, 3
Let t = -13 - -14. Suppose -r - 13 = -3*s, t = 4*r + 3*s - 7. List the prime factors of (-7 + -1)/(-1) - r.
3
Suppose -f + 4*x = -2*f - 8, -3*f - 3*x = -3. Suppose 48 = 2*j - 4*w, -99 = -f*j - w + 42. List the prime factors of j.
2, 17
What are the prime factors of (-2)/(-8)*436 - -2?
3, 37
Suppose o - 3*d + 9 = 0, -4*o + 2*d + 0*d + 4 = 0. Suppose 4*l - 5*n - 602 = 0, 2*n + n - 465 = -o*l. What are the prime factors of l?
3, 17
Suppose 22 = -3*a + 28. Suppose 4*c = -r + 483, -a*r - 620 = -7*c + 2*c. What are the prime factors of c?
2, 61
Let s = -374 - -626. Suppose -15*t + s = -8*t. List the prime factors of t.
2, 3
Let x(q) = -q**3 + 7*q**2 - 17*q + 9. Let d be x(5). What are the prime factors of 8/52 - 3376/d?
2, 5, 13
Let h = -4 - -16. Let p = h + -13. List the prime factors of p/(-2 + (-39)/(-21)).
7
Suppose 3*w - b = b + 746, 0 = b + 4. Suppose z + w = o - 0*z, 486 = 2*o + z. What are the prime factors of o?
2, 61
Suppose -77*v + 97*v - 49060 = 0. List the prime factors of v.
11, 223
Let n = 20 + -5. Suppose f + n = 6*f. Suppose f*h - 7*h = -180. List the prime factors of h.
3, 5
Let r = -26 + 112. Suppose r = 3*d - 55. What are the prime factors of d?
47
Suppose 7*u - 8*u + 136 = -2*l, 3*u - 428 = l. What are the prime factors of u?
2, 3
Let p = -45 - -35. Let j(s) be the second derivative of s**4/12 + 7*s**3/6 + 5*s**2/2 + s. What are the prime factors of j(p)?
5, 7
Let j be (68/(-6))/1*-3. Let b = j - 5. Let v = b - 17. What are the prime factors of v?
2, 3
Let g = -1253 - -1923. List the prime factors of g.
2, 5, 67
Suppose 0 = 3*n + 4*u - 70, 0 = -n - 5*u + 43 - 5. What are the prime factors of (-1 + 19)/((-51)/n - -3)?
2, 3
Let v be (-414)/(-21) + 8/28. Let p = v - 15. What are the prime factors of -3*p/15*-13?
13
List the prime factors of (54/243)/(2/2826).
2, 157
Let y(m) = m**3 - 14*m**2 + 17*m - 77. Let x be y(13). Let f = -54 + -5. Let q = x - f. What are the prime factors of q?
2, 17
Let v(t) = -12*t**2 - 4 + 2*t + 4*t + 7*t - 3*t. Let w be v(3). Let f = w + 118. List the prime factors of f.
2, 3
Let i(q) = -q**3 - 5*q**2 + 2*q + 5. Suppose -5*r - 62 = 8. Let n = 8 + r. List the prime factors of i(n).
29
Let p(h) be the third derivative of -h**7/1260 - h**6/90 - h**5/10 - 2*h**2. Let q(m) be the third derivative of p(m). List the prime factors of q(-10).
2
Suppose -421 = 4*h - 5*h. What are the prime factors of h?
421
Suppose -3*k + 3*z - 15 = -2*z, k = -2*z + 6. Let t = -3 - k. What are the prime factors of t + (-5)/(5/(-24))?
3, 7
Let a be (-63)/(-27)*(1 - -2). Suppose -6 = -a*y + 5*y. Suppose 0 = 3*s - y*l - 138 + 42, 3*l = -3*s + 120. List the prime factors of s.
2, 3
List the prime factors of ((-800)/24)/(4/(-90))*3.
2, 3, 5
Let d be 6/(-21) + (-16)/(-56). Suppose d = 2*g - 0*g - 4. What are the prime factors of g*37/(-4)*-2?
37
Let w = -12 - -16. Suppose m - 7 = -i, w*m + 4*i = 3*m + 19. Suppose 2*y + m*y - 50 = 0. What are the prime factors of y?
2, 5
Let u = -30 - -30. Suppose -396 = -5*a - u*i + 2*i, 3*a + 3*i - 225 = 0. What are the prime factors of a?
2, 3, 13
Suppose -3*a = -5*n + 16, 9 = 2*n + n - 2*a. Suppose -n*r = -0*r + 3*z - 326, -2*z = 6. List the prime factors of r.
67
What are the prime factors of 88803/52 + 3/(-4)?
3, 569
Let c = 193 + 491. List the prime factors of c.
2, 3, 19
Let t(f) = 193*f**2 + 2*f - 9. List the prime factors of t(-2).
3, 11, 23
Suppose c - 1467 - 615 = 2*o, -5*o - 10 = 0. What are the prime factors of c?
2, 1039
Let v be (-20)/12 - 1/3. What are the prime factors of v/5 + (-11)/((-110)/184)?
2, 3
Let p(l) = -l**3 + 5*l**2 - 5*l + 4. Let u be p(4). Suppose u = -43*j + 40*j + 414. What are the prime factors of j?
2, 3, 23
Let c be ((-4)/(-16)*75)/((-24)/64). Let r be (-142)/(-1)*2/4. Let s = r + c. List the prime factors of s.
3, 7
Let o = 144 + -144. Suppose o = 11*x - 86 - 211. What are the prime factors of x?
3
Let i(t) = 4*t**2 - 51. List the prime factors of i(-9).
3, 7, 13
Suppose -4*d + 4*i = -28, -d + 2*i + 10 = -0*d. Let c(n) = -4 + 4*n - d - 4 + 2. What are the prime factors of c(17)?
2, 29
Let u(d) = -d**3 - 5*d**2 - 4*d - 15. Let l be u(-5). Suppose l*q = -5*a + 10, q + 35 = 5*a + 13. What are the prime factors of a?
2
Let m be 9/(-4)*32/(-12). Suppose z + 60 = 5*z. Let k = z + m. List the prime factors of k.
3, 7
Let q = -30 - -35. Suppose a + 6 = -2*d, -q*d - 13 = -2*a + 20. What are the prime factors of a?
2
Let r = 247 - 237. List the prime factors of r.
2, 5
Let m = 5 - -10. Suppose m = -2*x + 7*x. List the prime factors of 147/x + -3 + 4.
2, 5
Let i(n) = -29*n + 36. Let k(h) = 72*h - 90. Let z(u) = 12*i(u) + 5*k(u). What are the prime factors of z(9)?
2, 3, 5
Let w(o) = o**2 - 2*o + 113. Let u = -49 - -49. List the prime factors of w(u).
113
Suppose 5*i - 2*u - 3116 - 6716 = 0, -9835 = -5*i + 5*u. What are the prime factors of i?
2, 983
Let d(g) = 184*g + 88. What are the prime factors of d(9)?
2, 109
Let t = 42 - 41. Let z be t/(36/(-40) + 1). Suppose b - 4 = z. List the prime factors of b.
2, 7
Let q(c) = 40*c**3 + c**2 - 13*c - 10. Let s(i) = 27*i**3 + i**2 - 9*i - 7. Let b(w) = -5*q(w) + 7*s(w). What are the prime factors of b(-1)?
2, 3
Let a = -2020 - -5356. What are the prime factors of a?
2, 3, 139
Let m(o) = -o**3 + o**2 - o. Let h(y) = -2*y**3 + 9*y**2 + 7*y + 9. Let x(q) = h(q) - m(q). What are the prime factors of x(7)?
2, 3, 19
Let m = -65 - -72. Suppose 17 = -m*i + 66. What are the prime factors of i?
7
Let b(h) be the third derivative of -h**6/120 + 3*h**5/20 - h**4/8 + 10*h**3/3 - 6*h**2. List the prime factors of b(8).
2, 3, 5
Let p(u) = -u**2 - 5*u - 1. Let b be p(-5). Let d be (5 - 6) + (-418 - b). What are the prime factors of d/(-7) + (-6)/(-21)?
2, 3, 5
Let h = 27 + -27. Suppose 8*x - 99 - 109 = h. What are the prime factors of x?
2, 13
Suppose -14 - 28 = 2*i. What are the prime factors of (-2178)/i - ((-18)/(-21))/(-3)?
2, 13
Let q(x) = -x**3 + 5*x**2 + 7*x. Let l be -1 + 9/(-6)*-4. What are the prime factors of q(l)?
5, 7
Let n(j) = -j**2 + 5*j + 16. Let k be n(7). List the prime factors of ((-127)/(-2))/(1/k).
127
What are the prime factors of ((-3)/(-12))/(2/3832)?
479
Let t(y) = y**2 + 4*y - 9. Let x be t(-5). Let g be (-64)/(-20)*(-10)/x. Suppose -g*r + 7*r + 65 = 0. List the prime factors of r.
5, 13
Let t = 6339 + -4409. List the prime factors of t.
2, 5, 193
Let j(v) = v**3 - 16*v**2 - 3*v + 36. Let d be j(16). What are the prime factors of 0 - (-303*(-8)/d - 1)?
7, 29
Suppose 0 = -3*x + l + 5426, -2*x + 3*l + 3613 = -2*l. List the prime factors of x.
3, 67
Let q(l) = l + 1. Let z be q(3). Let y(w) be the second derivative of w**4/12 + w**3/2 + 5*w**2/2 - 206*w. What are the prime factors of y(z)?
3, 11
Let h = 49 + -102. Let k = -18 - h. List the prime factors of k.
5, 7
Let h = 21 + -18. List the prime factors of 1224/7 + h/21.
5, 7
Let m = -85 - -176. Suppose q - p = m, 5*q - 7*p = -3*p + 452. What are the prime factors of q?
2, 11
Let u = 132 - 127. Suppose -4*q = u*x - 604, 2*x = x - 4*q + 108. List the prime factors of x.
2, 31
Let j(h) = h + 11. Let p = 60 - 43. List the prime factors of j(p).
2, 7
Let s be (36/20)/(6/20). Let z = -2 + s. Suppose -3*t - 2*r = -2*t - 13, -25 = -z*t + r. List the prime factors of t.
7
Let m be (0 - -1) + -3 - -27. Suppose -w + m = 4*w. Suppose -w*g + 35 = -80. List the prime factors of g.
23
Let n = 1248 - 597. List the prime factors of n.
3, 7, 31
Let x(a) = -a - 7. Let r be x(-12). Suppose -489 = -r*h - 144. Suppose 4*p - 51 = h. List the prime factors of p.
2, 3, 5
Let g(z) = z**3 - z**2 - z + 2. Let x(a) = a**2 - 17*a + 5. Let s be x(17). List the prime factors of g(s).
97
Let y(g) = 11*g**3 + g**2 - 2*g - 2. Let x = -28 - -30. List the prime factors of y(x).
2, 43
Let u = -176 - -315. What are the prime factors of u?
139
Let u(v) = v**2 + v - 1. Let h(q) be the first derivative of q**3 + 3*q**2/2 - 5*q - 3. Let s(j) = -h(j) + 6*u(j). What are the prime factors of s(2)?
17
Let b = 257 - 216. What are the prime factors of b?
41
Let q(n) = -n**2 - 10*n - 14. Let k be q(-8). Suppose v = -k*v + 216. List the prime factors of v.
2, 3
Let y(f) =